5 = -3*g + l. Give k(g).
-3
Let h(f) = -f**2 - 6*f + 2. Let g(j) = j**2 - 8*j - 475. Let b be g(26). Determine h(b).
-5
Let h(s) be the first derivative of -s**2/2 + 13*s - 59. Suppose 5*t = -4*l + 4, 2*t = 4*l + 1 - 5. What is h(t)?
13
Let v(j) = 12*j**3 + 2*j**2 + j. Let o be v(-1). Let d = o + 10. Let h = d + 2. Let q(g) = -2*g + 1. What is q(h)?
-1
Suppose -3*j = -5*j + 6. Let u = 0 + j. Let w(x) = -2*x**2 + 15*x - 9. Let g(c) = -c**2 + 7*c - 4. Let s(m) = -9*g(m) + 4*w(m). Determine s(u).
0
Let v(n) = 2*n - 2. Let q(g) = -g + 1. Let s(a) = q(a) - v(a). Determine s(6).
-15
Let f(y) = -y**3 - 2*y**2 - y + 1. Let c(m) = -3*m**3 - 15*m**2 - 2*m - 5. Let i(u) = c(u) - 4*f(u). Give i(7).
5
Let c(w) = 5*w + 4. Let u = 341 - 344. Give c(u).
-11
Let c(t) = 3*t + 5 + 5*t + 4 + t**2. Let d = 148 - 149. Let o be d*(-2)/(6/(-21)). Give c(o).
2
Let i = 77/233 + 2/699. Let k(y) be the first derivative of -1/2*y**2 + 6*y - i*y**3 - 2. What is k(0)?
6
Let d(r) = -r**3 - 3*r**2 - r. Let a be d(0). Let v(i) be the second derivative of 10*i - 1/6*i**3 - 11/2*i**2 + a. Determine v(0).
-11
Let m(q) = 0 + 0 + 8 + 151*q**2 - 2 - 156*q**2. Give m(-3).
-39
Suppose -j + 116 = 5*i + j, 0 = i + j - 22. Suppose -5*w - w = i. Let u = w - -10. Let g(x) = x**2 - 6*x + 2. Give g(u).
2
Suppose -25*m - 272 = 53. Let n(h) = -h**3 - 12*h**2 + 13*h + 10. What is n(m)?
10
Let h(c) be the first derivative of 2*c**2 + 10*c + 214. What is h(-3)?
-2
Suppose 0 = 3*b - b + 12. Let d(l) be the second derivative of -l**4/12 - l**3 - l**2 - 101*l. Determine d(b).
-2
Let b(s) be the third derivative of -s**4/24 + s**3/6 - 9*s**2 + 13. Determine b(-4).
5
Let r(u) = 26*u - 3*u**2 - 53 + u**3 + 50 - 24*u. Let n = -4 + 7. Calculate r(n).
3
Let p be 4/(-10) - (-106)/(-10). Let m = p + 16. Let b(h) = -27*h**2 + h. Let i(z) = -10*z**2. Let s(w) = -3*b(w) + 8*i(w). What is s(m)?
10
Let c(k) = -k**2 - 14*k - 37. Let i be c(-10). Let g(s) = -4 + 8*s - 14*s - s**i + 6*s**2 + 8. Calculate g(5).
-1
Let t(k) = -2*k**3 + 10*k**2 + 5*k - 2. Let n(h) = 5*h**3 - 21*h**2 - 10*h + 3. Let p(a) = -3*n(a) - 7*t(a). Determine p(-6).
-1
Let x(c) = -26*c**2 - 1. Let a(k) = -k**2 + 24*k - 96. Let g be a(5). Determine x(g).
-27
Suppose 5*f - 129 = -29. Let r = 30 - f. Let s = 14 - r. Let x(i) = i**3 - 5*i**2 + 4*i - 2. Calculate x(s).
-2
Let v be (-1 + 2)/((-13)/(-39)). Let j(m) = -3*m + 8. What is j(v)?
-1
Let n(x) = -8*x**2 + x. Let i be (-5)/2*12/(-10). Let u be 2/(44/12 - i). Let s be 0 + -2 - -6 - u. Determine n(s).
-7
Let g(b) = -b**3 - 6*b**2 - 5*b + 15. Let h be g(-4). Let d(a) = 2*a**2 - 2. What is d(h)?
16
Let g(p) = -p**2 - 11*p + 9. Let v(r) = 3*r - 7 - 4*r + 1 + 7. Let d(o) = g(o) - 2*v(o). Calculate d(-8).
15
Let d be (6 - 15)/3 - 1. Let x(b) = 5*b + 23. Determine x(d).
3
Let w(m) be the second derivative of -m**4/12 - m**3/6 + 3*m**2/2 + 100*m. Calculate w(0).
3
Let o(i) = -7*i**2 + 15 + 12*i**3 + 26*i**2 - 8*i**2 - 13*i**3 - i. What is o(11)?
4
Let a(w) = -2010*w + 5 - 1 + 2011*w. Calculate a(11).
15
Let i(n) = 88170*n**2 + n + 11*n - 4 - n**3 - 88159*n**2. Give i(12).
-4
Let f(y) = 16*y**2 + 7*y - 7. Let w(z) = 13*z**2 + 6*z - 7. Let l(x) = 4*f(x) - 5*w(x). Calculate l(-4).
-1
Let s(b) = 4*b - 8. Let j(l) = 2*l - 4. Let a(m) = -7*j(m) + 4*s(m). Let o be a(3). Let v(w) = w + 1. Give v(o).
3
Let j(u) = u**3 - 5*u**2 + 5*u - 1. Let v = 214 + -206. Let d(s) = s + 23. Let q be d(0). Suppose 4*x = 3*r - 0*r - v, -5*r - 3*x + q = 0. Calculate j(r).
3
Let t be (-30)/210 + (-69)/7. Let l(x) = -2*x - 10. Determine l(t).
10
Let o = -8 + 18. Let i(y) = -y**2 + 12 - o - 9. Determine i(0).
-7
Let k(g) = -4*g**3 + 11*g**2 + 3. Let h(j) = -j**3 + j**2 + j - 2. Let f(a) = 5*h(a) - k(a). Give f(-7).
1
Suppose o = -2*a + 17, -5*o + 25 = -5*a + 3*a. Let k(t) = -2*t + o*t**2 - 6*t + 5*t + 4*t - 9 + t**3. Determine k(-7).
-16
Let t = 18 - 7. Let y = t - 15. Let a(i) = i**2 + 7*i + 5. Give a(y).
-7
Let j(d) be the second derivative of 1/12*d**4 + 0 - 3*d - 3*d**2 + 0*d**3. Calculate j(0).
-6
Let v(k) be the third derivative of -k**5/15 - k**4/8 + k**3/6 - 13*k**2 + 23*k. Determine v(2).
-21
Let c(b) = b**2 - 4*b - 1. Let g be ((-3)/2*2)/(-1). Suppose 0 = v + 2*t - g, -3*v = 2*v + 3*t - 15. What is c(v)?
-4
Let b(j) = j**3 + 3*j**2 - j + 8. Let y(l) = 5*l**3 + 13*l**2 - 5*l + 34. Let x(s) = 9*b(s) - 2*y(s). Suppose g - 2*p + 2 = 0, 2*g = 3*p - 3 - 0. What is x(g)?
4
Let y(h) be the first derivative of -1/3*h**3 - 33 + 2*h - 3/2*h**2. Let z(c) = -c**3 + 5*c**2 - 6*c + 4. Let n be z(4). What is y(n)?
-2
Let u(x) = 3*x**3 - 2*x**2 - 2*x - 6. Let t be 2/3 + (-3)/(-9). Let k(w) = -w**3 + w + 1. Let p(n) = t*u(n) + 4*k(n). Suppose 16*v - 21 = 23*v. Give p(v).
1
Let j(r) = 18 + 2*r + 2*r + 0*r - 5*r. What is j(12)?
6
Let u(a) be the third derivative of a**5/60 + 5*a**4/24 - 5*a**3/6 - 2*a**2. Let k(l) = -2*l**2 - 59*l - 412. Let b be k(-11). What is u(b)?
-5
Let m(g) = 26*g + 409. Let c be m(-16). Let l(n) = -n**2 - 4*n + 9. Calculate l(c).
-12
Let p(c) = -10*c**3 + 6*c. Let w(d) = -3*d**3 + d + 1. Let x(o) = p(o) - 3*w(o). Give x(-3).
15
Let f(x) = -10*x - 1. Suppose 0 = -3*z + 33 + 18. Suppose 2*k = 15 - z. Give f(k).
9
Let p(b) be the third derivative of -b**4/24 - 2*b**3/3 - 13*b**2 + 1. Give p(4).
-8
Let d(b) = -b**3 - 2. Suppose -992*w = -996*w. What is d(w)?
-2
Suppose -3*w - 5*v = -9, -5*w + 4*v = -17 + 2. Let y(o) = -2*o - 4. Let s(i) = -2*i + 0 - 2 + i. Let x(l) = w*y(l) - 5*s(l). Determine x(-5).
3
Let b = 20 + -24. Let q(s) = -2*s - 3. Let h(c) = -c. Suppose p = 5*l - 3, 2*p + p = -l - 9. Let u(v) = p*h(v) + q(v). What is u(b)?
-7
Suppose 10*q - 18 = 7*q + 3*g, 4*q + g = 9. Suppose z = q, -4*w + 0*w - z - 1 = 0. Let p(y) = -4*y**2 - 1. Give p(w).
-5
Let l(v) = -1372*v + 1375*v - 186 + 190. Determine l(8).
28
Let t(d) = d**2. Let l be (16/10)/4 - 56/(-10). Suppose -l*v + 6 = 12. What is t(v)?
1
Let v(q) = 32*q - 97*q + 42*q + 31*q. Determine v(-1).
-8
Let a(w) = -2 + 4*w - w**3 - 5*w**2 + 5 + 2*w**2. Let l = 18 - 16. Suppose -2*b - l*b = 16. Give a(b).
3
Let g(j) = -2*j**2 - 6*j - 5. Let s be (-10 - -17 - (0 - -8))*4. Give g(s).
-13
Let w(i) = 5*i + 120. Let d be w(-22). Let r(a) = -a**2 + 12*a - 12. Calculate r(d).
8
Let b(q) = -6*q - 17*q**2 + 6*q. Let z be b(1). Let v = 12 + z. Let x(s) = -s**2 - 3*s + 3. Determine x(v).
-7
Let y be (-4)/3*(-24)/16. Suppose y*u - 4*u = -2*j, -3*u + 24 = 5*j. Suppose u*f = -5*g + 2*f - 15, 6 = 2*g - 2*f. Let m(d) = d**3 + 2*d**2 + 2. What is m(g)?
2
Let q(z) = -5 + 5*z + 2*z - 6*z. Let t(b) = -b**3 - 10*b**2 + 89. Let w be t(-9). Determine q(w).
3
Let d be (-384)/32*-1*(2 + -3). Let f(p) = p**2 + 12*p - 1. Calculate f(d).
-1
Suppose 7*m - 55 = -4*m. Let v(p) be the third derivative of -p**6/120 + p**5/10 - p**4/4 + p**3/3 - p**2. What is v(m)?
-3
Let s be (-20)/16*(-4 + 0). Let t = s + -9. Let v(i) = -i. Let j be v(t). Let x(p) = p**3 - 3*p**2 - 2*p - 2. What is x(j)?
6
Let t(m) = -m**3 + 9*m**2 - 8*m - 6. Let y be (4 + 0)*-7*(-16)/56. Give t(y).
-6
Suppose -4*a + 47 = 3*z, 0*z = 2*z - a - 13. Let i(k) = -k - 6. What is i(z)?
-15
Let s(z) = 7*z**2 + 5*z - 6. Let d(f) = f**2 + f - 1. Let x(a) = 5*d(a) - s(a). What is x(2)?
-7
Let c = 11 - 3. Let q(o) = -4 - 7 + o + 0. Determine q(c).
-3
Let b(d) = -2*d**2 - 4*d + 6. Let v be b(-4). Let l be 762/30 - (-4)/v. Let i(m) = m**3 - m - l*m**2 - m + 31*m**2 - 5. Determine i(-6).
7
Let d = -857 + 859. Let a(l) = -3*l**3 - 15*l**2 + 4*l. Let x(p) = -2*p**3 - 8*p**2 + 2*p. Let o(i) = -4*a(i) + 7*x(i). Give o(d).
-4
Let a(j) = -j**2 + 6*j + 6. Let w be (6*2/(-10))/(44/(-330)). Give a(w).
-21
Let t(n) be the first derivative of n**2 - 7*n + 8. Let b be t(5). Let j(y) = -1 - 9 - b*y + 2*y. What is j(-6)?
-4
Suppose q - 4*q = -4*m + 1, 4*q - 3*m = 8. Let x(z) = -z**3 + 6*z**2 - 6*z + 7. Give x(q).
2
Let s = -4 + 12. Let l(x) be the second derivative of -x**3/6 - 3*x**2/2 - 31*x. Calculate l(s).
-11
Let o = 5 + -3. Let n(k) = -4 + k**2 + 3 - o*k**3 + k**2. Let r(y) = y**2 + 2*y - 2. Let c be r(-3). Calculate n(c).
-1
Let g(t) = t - 10. Let n(x) = x**2 + 2*x - 41. Let f be n(-8). Give g(f).
-3
Let t(v) = 2*v**2 - 3. Let n be t(-3). Suppose -44 = -4*f - d, -4*f + 9 = -4*d - n. Let m(p) = p**3 + 5*p**2 + 3 + 2 - 5*p + f*p. Calculate m(-4).
1
Let t